{"id":4862,"date":"2023-04-28T21:42:01","date_gmt":"2023-04-28T19:42:01","guid":{"rendered":"https:\/\/www.vgrstore.tn\/?post_type=product&#038;p=4862"},"modified":"2025-12-30T20:27:02","modified_gmt":"2025-12-30T19:27:02","slug":"pack-v-331-v-070","status":"publish","type":"product","link":"https:\/\/www.tondeusetunisie.tn\/index.php\/product\/pack-v-331-v-070\/","title":{"rendered":"Pack V-331 + V-070"},"content":{"rendered":"<p>Tondeuse \u00e0 cheveux pour hommes Am\u00e9lior\u00e9e sans fil Am\u00e9lior\u00e9e Tondeuse \u00e0 cheveux professionnelle Tondeuse \u00e0 barbe avec lame en T Tondeuse \u00e0 coupe \u00e9troite Coiffeur Coupe de cheveux Kit de toilettage Affichage LED rechargeable<\/p>\n<p>VGR V-331 rasoir \u00e9lectrique soins personnels USB Mini visage rasoir rechargeable Portable complet lavage du corps \u00e9tui en cuir alternatif<\/p>\n","protected":false},"excerpt":{"rendered":"<p>Tondeuse \u00e0 cheveux pour hommes Am\u00e9lior\u00e9e sans fil Am\u00e9lior\u00e9e Tondeuse \u00e0 cheveux professionnelle Tondeuse \u00e0 barbe avec lame en T Tondeuse \u00e0 coupe \u00e9troite Coiffeur Coupe de cheveux Kit de toilettage Affichage LED rechargeable VGR V-331 rasoir \u00e9lectrique soins personnels USB Mini visage rasoir rechargeable Portable complet lavage du corps \u00e9tui en cuir alternatif<\/p>\n","protected":false},"featured_media":4863,"comment_status":"open","ping_status":"closed","template":"","meta":{"_uag_custom_page_level_css":"","site-sidebar-layout":"default","site-content-layout":"default","ast-global-header-display":"","ast-main-header-display":"","ast-hfb-above-header-display":"","ast-hfb-below-header-display":"","ast-hfb-mobile-header-display":"","site-post-title":"","ast-breadcrumbs-content":"","ast-featured-img":"","footer-sml-layout":"","theme-transparent-header-meta":"default","adv-header-id-meta":"","stick-header-meta":"","header-above-stick-meta":"","header-main-stick-meta":"","header-below-stick-meta":"","_joinchat":[],"jetpack_publicize_message":"","jetpack_publicize_feature_enabled":true,"jetpack_social_post_already_shared":false,"jetpack_social_options":{"image_generator_settings":{"template":"highway","default_image_id":0,"font":"","enabled":false},"version":2}},"product_brand":[],"product_cat":[19,31,20],"product_tag":[],"class_list":{"0":"post-4862","1":"product","2":"type-product","3":"status-publish","4":"has-post-thumbnail","6":"product_cat-pack-promo","7":"product_cat-produit","8":"product_cat-promotion","9":"product_shipping_class-8-dt","10":"desktop-align-center","11":"tablet-align-left","12":"mobile-align-left","14":"first","15":"instock","16":"sale","17":"shipping-taxable","18":"purchasable","19":"product-type-simple"},"jetpack_publicize_connections":[],"uagb_featured_image_src":{"full":["https:\/\/www.tondeusetunisie.tn\/wp-content\/uploads\/2023\/04\/331-070.jpg",959,959,false],"thumbnail":["https:\/\/www.tondeusetunisie.tn\/wp-content\/uploads\/2023\/04\/331-070-150x150.jpg",150,150,true],"medium":["https:\/\/www.tondeusetunisie.tn\/wp-content\/uploads\/2023\/04\/331-070-300x300.jpg",300,300,true],"medium_large":["https:\/\/www.tondeusetunisie.tn\/wp-content\/uploads\/2023\/04\/331-070-768x768.jpg",768,768,true],"large":["https:\/\/www.tondeusetunisie.tn\/wp-content\/uploads\/2023\/04\/331-070.jpg",959,959,false],"1536x1536":["https:\/\/www.tondeusetunisie.tn\/wp-content\/uploads\/2023\/04\/331-070.jpg",959,959,false],"2048x2048":["https:\/\/www.tondeusetunisie.tn\/wp-content\/uploads\/2023\/04\/331-070.jpg",959,959,false],"woocommerce_thumbnail":["https:\/\/www.tondeusetunisie.tn\/wp-content\/uploads\/2023\/04\/331-070-300x300.jpg",300,300,true],"woocommerce_single":["https:\/\/www.tondeusetunisie.tn\/wp-content\/uploads\/2023\/04\/331-070-600x600.jpg",600,600,true],"woocommerce_gallery_thumbnail":["https:\/\/www.tondeusetunisie.tn\/wp-content\/uploads\/2023\/04\/331-070-100x100.jpg",100,100,true]},"uagb_author_info":{"display_name":"admin5942","author_link":"https:\/\/www.tondeusetunisie.tn\/index.php\/author\/"},"uagb_comment_info":0,"uagb_excerpt":"Tondeuse \u00e0 cheveux pour hommes Am\u00e9lior\u00e9e sans fil Am\u00e9lior\u00e9e Tondeuse \u00e0 cheveux professionnelle Tondeuse \u00e0 barbe avec lame en T Tondeuse \u00e0 coupe \u00e9troite Coiffeur Coupe de cheveux Kit de toilettage Affichage LED rechargeable VGR V-331 rasoir \u00e9lectrique soins personnels USB Mini visage rasoir rechargeable Portable complet lavage du corps \u00e9tui en cuir alternatif","jetpack_sharing_enabled":true,"jetpack_likes_enabled":true,"_links":{"self":[{"href":"https:\/\/www.tondeusetunisie.tn\/index.php\/wp-json\/wp\/v2\/product\/4862","targetHints":{"allow":["GET"]}}],"collection":[{"href":"https:\/\/www.tondeusetunisie.tn\/index.php\/wp-json\/wp\/v2\/product"}],"about":[{"href":"https:\/\/www.tondeusetunisie.tn\/index.php\/wp-json\/wp\/v2\/types\/product"}],"replies":[{"embeddable":true,"href":"https:\/\/www.tondeusetunisie.tn\/index.php\/wp-json\/wp\/v2\/comments?post=4862"}],"wp:featuredmedia":[{"embeddable":true,"href":"https:\/\/www.tondeusetunisie.tn\/index.php\/wp-json\/wp\/v2\/media\/4863"}],"wp:attachment":[{"href":"https:\/\/www.tondeusetunisie.tn\/index.php\/wp-json\/wp\/v2\/media?parent=4862"}],"wp:term":[{"taxonomy":"product_brand","embeddable":true,"href":"https:\/\/www.tondeusetunisie.tn\/index.php\/wp-json\/wp\/v2\/product_brand?post=4862"},{"taxonomy":"product_cat","embeddable":true,"href":"https:\/\/www.tondeusetunisie.tn\/index.php\/wp-json\/wp\/v2\/product_cat?post=4862"},{"taxonomy":"product_tag","embeddable":true,"href":"https:\/\/www.tondeusetunisie.tn\/index.php\/wp-json\/wp\/v2\/product_tag?post=4862"}],"curies":[{"name":"wp","href":"https:\/\/api.w.org\/{rel}","templated":true}]}}