{"id":5044,"date":"2024-02-29T21:42:03","date_gmt":"2024-02-29T20:42:03","guid":{"rendered":"https:\/\/www.vgrstore.tn\/?post_type=product&#038;p=5044"},"modified":"2026-04-03T21:27:07","modified_gmt":"2026-04-03T19:27:07","slug":"tondeuse-a-cheveux-vgr-avec-boitier-en-metal-de-qualite-superieure-affichage-led-lame-metallurgique-en-poudre-5-500-7-000-tr-min-moteur-a-4-vitesses-bouton-de-test-automatique-chargement-usb-4-l-2","status":"publish","type":"product","link":"https:\/\/www.tondeusetunisie.tn\/index.php\/product\/tondeuse-a-cheveux-vgr-avec-boitier-en-metal-de-qualite-superieure-affichage-led-lame-metallurgique-en-poudre-5-500-7-000-tr-min-moteur-a-4-vitesses-bouton-de-test-automatique-chargement-usb-4-l-2\/","title":{"rendered":"Tondeuse \u00e0 cheveux VGR V-005"},"content":{"rendered":"<p>Mat\u00e9riau de la lame\u00a0: Lame en c\u00e9ramique et m\u00e9tallurgique en poudre<br \/>\nMat\u00e9riau du corps\u00a0: M\u00e9tal<br \/>\nPlage de coupe\u00a0: 0,5-19 mm Autonomie<br \/>\nde la batterie de 250 min Temps de charge<br \/>\nde 3,5 heures (0-100 %)<br \/>\nLevier conique int\u00e9gr\u00e9 sans peignes de guidage (0,5 mm \u00e0 2 mm)<br \/>\n8 r\u00e9glages de longueur utilisant Peignes Gude (1,5 mm, 3 mm, 4,5 mm, 6 mm, 10 mm, 13 mm, 16 mm, 19 mm)<br \/>\nAffichage LED<br \/>\nChargement USB (5 V ~ 1 A)<br \/>\nBatterie au lithium 2600 mAh<br \/>\nPuissance du moteur : 5 500-7 000 tr\/min<br \/>\n4 r\u00e9glages de vitesse<br \/>\nPUISSANCE : 5 W<br \/>\nSexe : Hommes<br \/>\nPour Coupe de cheveux, barbe et moustache, soins du corps, bikini<\/p>\n","protected":false},"excerpt":{"rendered":"<p>Mat\u00e9riau de la lame\u00a0: Lame en c\u00e9ramique et m\u00e9tallurgique en poudre<br \/>\nMat\u00e9riau du corps\u00a0: M\u00e9tal<br \/>\nPlage de coupe\u00a0: 0,5-19 mm Autonomie<br \/>\nde la batterie de 250 min Temps de charge<br \/>\nde 3,5 heures (0-100 %)<br \/>\nLevier conique int\u00e9gr\u00e9 sans peignes de guidage (0,5 mm \u00e0 2 mm)<br \/>\n8 r\u00e9glages de longueur utilisant Peignes Gude (1,5 mm, 3 mm, 4,5 mm, 6 mm, 10 mm, 13 mm, 16 mm, 19 mm)<br \/>\nAffichage LED<br \/>\nChargement USB (5 V ~ 1 A)<br \/>\nBatterie au lithium 2600 mAh<br \/>\nPuissance du moteur : 5 500-7 000 tr\/min<br \/>\n4 r\u00e9glages de vitesse<br \/>\nPUISSANCE : 5 W<br \/>\nSexe : Hommes<br \/>\nPour Coupe de cheveux, barbe et moustache, soins du corps, bikini<\/p>\n","protected":false},"featured_media":5048,"comment_status":"open","ping_status":"closed","template":"","meta":{"_uag_custom_page_level_css":"","site-sidebar-layout":"default","site-content-layout":"default","ast-global-header-display":"","ast-main-header-display":"","ast-hfb-above-header-display":"","ast-hfb-below-header-display":"","ast-hfb-mobile-header-display":"","site-post-title":"","ast-breadcrumbs-content":"","ast-featured-img":"","footer-sml-layout":"","theme-transparent-header-meta":"default","adv-header-id-meta":"","stick-header-meta":"","header-above-stick-meta":"","header-main-stick-meta":"","header-below-stick-meta":"","_joinchat":[],"jetpack_publicize_message":"","jetpack_publicize_feature_enabled":true,"jetpack_social_post_already_shared":true,"jetpack_social_options":{"image_generator_settings":{"template":"highway","default_image_id":0,"font":"","enabled":false},"version":2}},"product_brand":[],"product_cat":[18,33,32,31],"product_tag":[],"class_list":{"0":"post-5044","1":"product","2":"type-product","3":"status-publish","4":"has-post-thumbnail","6":"product_cat-nouveaute","7":"product_cat-pour-la-barbe-","8":"product_cat-pour-les-cheveux-","9":"product_cat-produit","10":"product_shipping_class-8-dt","11":"desktop-align-center","12":"tablet-align-left","13":"mobile-align-left","15":"first","16":"instock","17":"sale","18":"shipping-taxable","19":"purchasable","20":"product-type-simple"},"jetpack_publicize_connections":[],"uagb_featured_image_src":{"full":["https:\/\/www.tondeusetunisie.tn\/wp-content\/uploads\/2024\/02\/Tondeuse-a-cheveux-VGR-avec-boitier-en-metal-de-qualite-superieure-affi.webp",1200,1200,false],"thumbnail":["https:\/\/www.tondeusetunisie.tn\/wp-content\/uploads\/2024\/02\/Tondeuse-a-cheveux-VGR-avec-boitier-en-metal-de-qualite-superieure-affi-150x150.webp",150,150,true],"medium":["https:\/\/www.tondeusetunisie.tn\/wp-content\/uploads\/2024\/02\/Tondeuse-a-cheveux-VGR-avec-boitier-en-metal-de-qualite-superieure-affi-300x300.webp",300,300,true],"medium_large":["https:\/\/www.tondeusetunisie.tn\/wp-content\/uploads\/2024\/02\/Tondeuse-a-cheveux-VGR-avec-boitier-en-metal-de-qualite-superieure-affi-768x768.webp",768,768,true],"large":["https:\/\/www.tondeusetunisie.tn\/wp-content\/uploads\/2024\/02\/Tondeuse-a-cheveux-VGR-avec-boitier-en-metal-de-qualite-superieure-affi-1024x1024.webp",1024,1024,true],"1536x1536":["https:\/\/www.tondeusetunisie.tn\/wp-content\/uploads\/2024\/02\/Tondeuse-a-cheveux-VGR-avec-boitier-en-metal-de-qualite-superieure-affi.webp",1200,1200,false],"2048x2048":["https:\/\/www.tondeusetunisie.tn\/wp-content\/uploads\/2024\/02\/Tondeuse-a-cheveux-VGR-avec-boitier-en-metal-de-qualite-superieure-affi.webp",1200,1200,false],"woocommerce_thumbnail":["https:\/\/www.tondeusetunisie.tn\/wp-content\/uploads\/2024\/02\/Tondeuse-a-cheveux-VGR-avec-boitier-en-metal-de-qualite-superieure-affi-300x300.webp",300,300,true],"woocommerce_single":["https:\/\/www.tondeusetunisie.tn\/wp-content\/uploads\/2024\/02\/Tondeuse-a-cheveux-VGR-avec-boitier-en-metal-de-qualite-superieure-affi-600x600.webp",600,600,true],"woocommerce_gallery_thumbnail":["https:\/\/www.tondeusetunisie.tn\/wp-content\/uploads\/2024\/02\/Tondeuse-a-cheveux-VGR-avec-boitier-en-metal-de-qualite-superieure-affi-100x100.webp",100,100,true]},"uagb_author_info":{"display_name":"admin5942","author_link":"https:\/\/www.tondeusetunisie.tn\/index.php\/author\/"},"uagb_comment_info":0,"uagb_excerpt":"Mat\u00e9riau de la lame\u00a0: Lame en c\u00e9ramique et m\u00e9tallurgique en poudre Mat\u00e9riau du corps\u00a0: M\u00e9tal Plage de coupe\u00a0: 0,5-19 mm Autonomie de la batterie de 250 min Temps de charge de 3,5 heures (0-100 %) Levier conique int\u00e9gr\u00e9 sans peignes de guidage (0,5 mm \u00e0 2 mm) 8 r\u00e9glages de longueur utilisant Peignes Gude (1,5&hellip;","jetpack_sharing_enabled":true,"jetpack_likes_enabled":true,"_links":{"self":[{"href":"https:\/\/www.tondeusetunisie.tn\/index.php\/wp-json\/wp\/v2\/product\/5044","targetHints":{"allow":["GET"]}}],"collection":[{"href":"https:\/\/www.tondeusetunisie.tn\/index.php\/wp-json\/wp\/v2\/product"}],"about":[{"href":"https:\/\/www.tondeusetunisie.tn\/index.php\/wp-json\/wp\/v2\/types\/product"}],"replies":[{"embeddable":true,"href":"https:\/\/www.tondeusetunisie.tn\/index.php\/wp-json\/wp\/v2\/comments?post=5044"}],"wp:featuredmedia":[{"embeddable":true,"href":"https:\/\/www.tondeusetunisie.tn\/index.php\/wp-json\/wp\/v2\/media\/5048"}],"wp:attachment":[{"href":"https:\/\/www.tondeusetunisie.tn\/index.php\/wp-json\/wp\/v2\/media?parent=5044"}],"wp:term":[{"taxonomy":"product_brand","embeddable":true,"href":"https:\/\/www.tondeusetunisie.tn\/index.php\/wp-json\/wp\/v2\/product_brand?post=5044"},{"taxonomy":"product_cat","embeddable":true,"href":"https:\/\/www.tondeusetunisie.tn\/index.php\/wp-json\/wp\/v2\/product_cat?post=5044"},{"taxonomy":"product_tag","embeddable":true,"href":"https:\/\/www.tondeusetunisie.tn\/index.php\/wp-json\/wp\/v2\/product_tag?post=5044"}],"curies":[{"name":"wp","href":"https:\/\/api.w.org\/{rel}","templated":true}]}}