{"id":5080,"date":"2024-03-30T18:43:49","date_gmt":"2024-03-30T17:43:49","guid":{"rendered":"https:\/\/www.vgrstore.tn\/index.php\/produit\/vgr-v-332-machine-de-coupe-de-cheveux-rasoir-de-coiffeur-en-acier-inoxydable\/"},"modified":"2026-04-07T22:45:27","modified_gmt":"2026-04-07T20:45:27","slug":"vgr-v-332-machine-de-coupe-de-cheveux-rasoir-de-coiffeur-en-acier-inoxydable","status":"publish","type":"product","link":"https:\/\/www.tondeusetunisie.tn\/index.php\/product\/vgr-v-332-machine-de-coupe-de-cheveux-rasoir-de-coiffeur-en-acier-inoxydable\/","title":{"rendered":"Vgr V 332 Machine de coupe de cheveux rasoir de coiffeur en acier inoxydable"},"content":{"rendered":"<p>Mod\u00e8le : V-332<br \/>\nVolts nominaux : AC220-240V 50-60Hz<br \/>\nPuissance : 3W<br \/>\nMat\u00e9riau de la lame : Lame de pr\u00e9cision en acier inoxydable avec rev\u00eatement en titane<br \/>\nAvec tondeuse \u00e0 cheveux\/peignes de guidage\/brosse\/huile\/ciseaux\/peigne<br \/>\nBatterie : batterie de charge haute efficacit\u00e9 \u00e0 l\u2019int\u00e9rieur<br \/>\nTemps de charge : 1,5 heures de charge compl\u00e8te<br \/>\nConception : lame en acier inoxydable \u00e0 longueur de coupe variable, facile \u00e0 retirer, placez-la dans la prise de charge apr\u00e8s utilisation, le voyant s&#8217;affichera<\/p>\n","protected":false},"excerpt":{"rendered":"<p>Mod\u00e8le : V-332 Volts nominaux : AC220-240V 50-60Hz Puissance : 3W Mat\u00e9riau de la lame : Lame de pr\u00e9cision en acier inoxydable avec rev\u00eatement en titane Avec tondeuse \u00e0 cheveux\/peignes de guidage\/brosse\/huile\/ciseaux\/peigne Batterie : batterie de charge haute efficacit\u00e9 \u00e0 l\u2019int\u00e9rieur Temps de charge : 1,5 heures de charge compl\u00e8te Conception : lame en acier &hellip;<\/p>\n<p class=\"read-more\"> <a class=\"\" href=\"https:\/\/www.tondeusetunisie.tn\/index.php\/product\/vgr-v-332-machine-de-coupe-de-cheveux-rasoir-de-coiffeur-en-acier-inoxydable\/\"> <span class=\"screen-reader-text\">Vgr V 332 Machine de coupe de cheveux rasoir de coiffeur en acier inoxydable<\/span> \u0642\u0631\u0627\u0621\u0629 \u0627\u0644\u0645\u0632\u064a\u062f &raquo;<\/a><\/p>\n","protected":false},"featured_media":5079,"comment_status":"open","ping_status":"closed","template":"","meta":{"_uag_custom_page_level_css":"","site-sidebar-layout":"default","site-content-layout":"default","ast-global-header-display":"","ast-main-header-display":"","ast-hfb-above-header-display":"","ast-hfb-below-header-display":"","ast-hfb-mobile-header-display":"","site-post-title":"","ast-breadcrumbs-content":"","ast-featured-img":"","footer-sml-layout":"","theme-transparent-header-meta":"","adv-header-id-meta":"","stick-header-meta":"","header-above-stick-meta":"","header-main-stick-meta":"","header-below-stick-meta":"","_joinchat":[],"jetpack_publicize_message":"","jetpack_publicize_feature_enabled":true,"jetpack_social_post_already_shared":true,"jetpack_social_options":{"image_generator_settings":{"template":"highway","default_image_id":0,"font":"","enabled":false},"version":2}},"product_brand":[],"product_cat":[33,31,20],"product_tag":[],"class_list":{"0":"post-5080","1":"product","2":"type-product","3":"status-publish","4":"has-post-thumbnail","6":"product_cat-pour-la-barbe-","7":"product_cat-produit","8":"product_cat-promotion","9":"product_shipping_class-8-dt","10":"desktop-align-center","11":"tablet-align-left","12":"mobile-align-left","14":"first","15":"instock","16":"sale","17":"shipping-taxable","18":"purchasable","19":"product-type-simple"},"jetpack_publicize_connections":[],"uagb_featured_image_src":{"full":["https:\/\/www.tondeusetunisie.tn\/wp-content\/uploads\/2024\/03\/maquina-corta-pelo-vgr-v-332-peluquera-afeitadora-acero-inoxidable.jpg",1000,1000,false],"thumbnail":["https:\/\/www.tondeusetunisie.tn\/wp-content\/uploads\/2024\/03\/maquina-corta-pelo-vgr-v-332-peluquera-afeitadora-acero-inoxidable-150x150.jpg",150,150,true],"medium":["https:\/\/www.tondeusetunisie.tn\/wp-content\/uploads\/2024\/03\/maquina-corta-pelo-vgr-v-332-peluquera-afeitadora-acero-inoxidable-300x300.jpg",300,300,true],"medium_large":["https:\/\/www.tondeusetunisie.tn\/wp-content\/uploads\/2024\/03\/maquina-corta-pelo-vgr-v-332-peluquera-afeitadora-acero-inoxidable-768x768.jpg",768,768,true],"large":["https:\/\/www.tondeusetunisie.tn\/wp-content\/uploads\/2024\/03\/maquina-corta-pelo-vgr-v-332-peluquera-afeitadora-acero-inoxidable.jpg",1000,1000,false],"1536x1536":["https:\/\/www.tondeusetunisie.tn\/wp-content\/uploads\/2024\/03\/maquina-corta-pelo-vgr-v-332-peluquera-afeitadora-acero-inoxidable.jpg",1000,1000,false],"2048x2048":["https:\/\/www.tondeusetunisie.tn\/wp-content\/uploads\/2024\/03\/maquina-corta-pelo-vgr-v-332-peluquera-afeitadora-acero-inoxidable.jpg",1000,1000,false],"woocommerce_thumbnail":["https:\/\/www.tondeusetunisie.tn\/wp-content\/uploads\/2024\/03\/maquina-corta-pelo-vgr-v-332-peluquera-afeitadora-acero-inoxidable-300x300.jpg",300,300,true],"woocommerce_single":["https:\/\/www.tondeusetunisie.tn\/wp-content\/uploads\/2024\/03\/maquina-corta-pelo-vgr-v-332-peluquera-afeitadora-acero-inoxidable-600x600.jpg",600,600,true],"woocommerce_gallery_thumbnail":["https:\/\/www.tondeusetunisie.tn\/wp-content\/uploads\/2024\/03\/maquina-corta-pelo-vgr-v-332-peluquera-afeitadora-acero-inoxidable-100x100.jpg",100,100,true]},"uagb_author_info":{"display_name":"admin5942","author_link":"https:\/\/www.tondeusetunisie.tn\/index.php\/author\/"},"uagb_comment_info":0,"uagb_excerpt":"Mod\u00e8le : V-332 Volts nominaux : AC220-240V 50-60Hz Puissance : 3W Mat\u00e9riau de la lame : Lame de pr\u00e9cision en acier inoxydable avec rev\u00eatement en titane Avec tondeuse \u00e0 cheveux\/peignes de guidage\/brosse\/huile\/ciseaux\/peigne Batterie : batterie de charge haute efficacit\u00e9 \u00e0 l\u2019int\u00e9rieur Temps de charge : 1,5 heures de charge compl\u00e8te Conception : lame en acier&hellip;","jetpack_sharing_enabled":true,"jetpack_likes_enabled":true,"_links":{"self":[{"href":"https:\/\/www.tondeusetunisie.tn\/index.php\/wp-json\/wp\/v2\/product\/5080","targetHints":{"allow":["GET"]}}],"collection":[{"href":"https:\/\/www.tondeusetunisie.tn\/index.php\/wp-json\/wp\/v2\/product"}],"about":[{"href":"https:\/\/www.tondeusetunisie.tn\/index.php\/wp-json\/wp\/v2\/types\/product"}],"replies":[{"embeddable":true,"href":"https:\/\/www.tondeusetunisie.tn\/index.php\/wp-json\/wp\/v2\/comments?post=5080"}],"wp:featuredmedia":[{"embeddable":true,"href":"https:\/\/www.tondeusetunisie.tn\/index.php\/wp-json\/wp\/v2\/media\/5079"}],"wp:attachment":[{"href":"https:\/\/www.tondeusetunisie.tn\/index.php\/wp-json\/wp\/v2\/media?parent=5080"}],"wp:term":[{"taxonomy":"product_brand","embeddable":true,"href":"https:\/\/www.tondeusetunisie.tn\/index.php\/wp-json\/wp\/v2\/product_brand?post=5080"},{"taxonomy":"product_cat","embeddable":true,"href":"https:\/\/www.tondeusetunisie.tn\/index.php\/wp-json\/wp\/v2\/product_cat?post=5080"},{"taxonomy":"product_tag","embeddable":true,"href":"https:\/\/www.tondeusetunisie.tn\/index.php\/wp-json\/wp\/v2\/product_tag?post=5080"}],"curies":[{"name":"wp","href":"https:\/\/api.w.org\/{rel}","templated":true}]}}