{"id":5575,"date":"2025-02-08T13:39:00","date_gmt":"2025-02-08T12:39:00","guid":{"rendered":"https:\/\/www.vgrstore.tn\/index.php\/product\/tondeuse-a-cheveux-pour-bebe-vgr-v-151-lames-en-ceramique\/"},"modified":"2025-02-08T13:39:00","modified_gmt":"2025-02-08T12:39:00","slug":"tondeuse-a-cheveux-pour-bebe-vgr-v-151-lames-en-ceramique","status":"publish","type":"product","link":"https:\/\/www.tondeusetunisie.tn\/index.php\/product\/tondeuse-a-cheveux-pour-bebe-vgr-v-151-lames-en-ceramique\/","title":{"rendered":"Tondeuse \u00e0 cheveux pour b\u00e9b\u00e9 VGR V-151 Lames en c\u00e9ramique"},"content":{"rendered":"<p>Facile \u00e0 utiliser : le voyant lumineux indique l&#8217;\u00e9tat de la batterie et de la charge. Tr\u00e8s pratique avec un interrupteur marche\/arr\u00eat en un seul geste<br \/>\nInterrupteur marche\/arr\u00eat : facile \u00e0 utiliser, pratique et fonctionnel<br \/>\nLames en c\u00e9ramique : Lames tr\u00e8s s\u00fbres et confortables pour les b\u00e9b\u00e9s, adapt\u00e9es \u00e0 tous les groupes d&#8217;\u00e2ge d&#8217;enfants<br \/>\nTechnologie avanc\u00e9e de r\u00e9duction du bruit. Un excellent moteur silencieux permet \u00e0 cette tondeuse \u00e0 cheveux pour b\u00e9b\u00e9 de fonctionner avec moins de vibrations.<br \/>\nEtanche : Apr\u00e8s avoir coup\u00e9 les cheveux, vous pouvez rincer les cheveux directement pour retirer les cheveux coll\u00e9s \u00e0 la tondeuse<br \/>\nAbsorption automatique des cheveux : il est livr\u00e9 avec un ventilateur \u00e0 grande vitesse pour l&#8217;absorption des cheveux et un bac de stockage des cheveux, qui peut \u00eatre aspir\u00e9 lors de l&#8217;arrangement<\/p>\n","protected":false},"excerpt":{"rendered":"<p>Facile \u00e0 utiliser : le voyant lumineux indique l&#8217;\u00e9tat de la batterie et de la charge. Tr\u00e8s pratique avec un interrupteur marche\/arr\u00eat en un seul geste<br \/>\nInterrupteur marche\/arr\u00eat : facile \u00e0 utiliser, pratique et fonctionnel<br \/>\nLames en c\u00e9ramique : Lames tr\u00e8s s\u00fbres et confortables pour les b\u00e9b\u00e9s, adapt\u00e9es \u00e0 tous les groupes d&#8217;\u00e2ge d&#8217;enfants<br \/>\nTechnologie avanc\u00e9e de r\u00e9duction du bruit. Un excellent moteur silencieux permet \u00e0 cette tondeuse \u00e0 cheveux pour b\u00e9b\u00e9 de fonctionner avec moins de vibrations.<br \/>\nEtanche : Apr\u00e8s avoir coup\u00e9 les cheveux, vous pouvez rincer les cheveux directement pour retirer les cheveux coll\u00e9s \u00e0 la tondeuse<br \/>\nAbsorption automatique des cheveux : il est livr\u00e9 avec un ventilateur \u00e0 grande vitesse pour l&#8217;absorption des cheveux et un bac de stockage des cheveux, qui peut \u00eatre aspir\u00e9 lors de l&#8217;arrangement<\/p>\n","protected":false},"featured_media":5573,"comment_status":"open","ping_status":"closed","template":"","meta":{"_uag_custom_page_level_css":"","site-sidebar-layout":"default","site-content-layout":"default","ast-global-header-display":"","ast-main-header-display":"","ast-hfb-above-header-display":"","ast-hfb-below-header-display":"","ast-hfb-mobile-header-display":"","site-post-title":"","ast-breadcrumbs-content":"","ast-featured-img":"","footer-sml-layout":"","theme-transparent-header-meta":"","adv-header-id-meta":"","stick-header-meta":"","header-above-stick-meta":"","header-main-stick-meta":"","header-below-stick-meta":"","_joinchat":[],"jetpack_publicize_message":"","jetpack_publicize_feature_enabled":true,"jetpack_social_post_already_shared":true,"jetpack_social_options":{"image_generator_settings":{"template":"highway","default_image_id":0,"font":"","enabled":false},"version":2}},"product_brand":[],"product_cat":[32,20],"product_tag":[],"class_list":{"0":"post-5575","1":"product","2":"type-product","3":"status-publish","4":"has-post-thumbnail","6":"product_cat-pour-les-cheveux-","7":"product_cat-promotion","8":"product_shipping_class-8-dt","9":"desktop-align-center","10":"tablet-align-left","11":"mobile-align-left","13":"first","14":"instock","15":"sale","16":"shipping-taxable","17":"purchasable","18":"product-type-simple"},"jetpack_publicize_connections":[],"uagb_featured_image_src":{"full":["https:\/\/www.tondeusetunisie.tn\/wp-content\/uploads\/2025\/02\/0003932_v-151-baby-automatic-hair-suction-hair-clipper_800.jpeg",800,800,false],"thumbnail":["https:\/\/www.tondeusetunisie.tn\/wp-content\/uploads\/2025\/02\/0003932_v-151-baby-automatic-hair-suction-hair-clipper_800-150x150.jpeg",150,150,true],"medium":["https:\/\/www.tondeusetunisie.tn\/wp-content\/uploads\/2025\/02\/0003932_v-151-baby-automatic-hair-suction-hair-clipper_800-300x300.jpeg",300,300,true],"medium_large":["https:\/\/www.tondeusetunisie.tn\/wp-content\/uploads\/2025\/02\/0003932_v-151-baby-automatic-hair-suction-hair-clipper_800-768x768.jpeg",768,768,true],"large":["https:\/\/www.tondeusetunisie.tn\/wp-content\/uploads\/2025\/02\/0003932_v-151-baby-automatic-hair-suction-hair-clipper_800.jpeg",800,800,false],"1536x1536":["https:\/\/www.tondeusetunisie.tn\/wp-content\/uploads\/2025\/02\/0003932_v-151-baby-automatic-hair-suction-hair-clipper_800.jpeg",800,800,false],"2048x2048":["https:\/\/www.tondeusetunisie.tn\/wp-content\/uploads\/2025\/02\/0003932_v-151-baby-automatic-hair-suction-hair-clipper_800.jpeg",800,800,false],"woocommerce_thumbnail":["https:\/\/www.tondeusetunisie.tn\/wp-content\/uploads\/2025\/02\/0003932_v-151-baby-automatic-hair-suction-hair-clipper_800-300x300.jpeg",300,300,true],"woocommerce_single":["https:\/\/www.tondeusetunisie.tn\/wp-content\/uploads\/2025\/02\/0003932_v-151-baby-automatic-hair-suction-hair-clipper_800-600x600.jpeg",600,600,true],"woocommerce_gallery_thumbnail":["https:\/\/www.tondeusetunisie.tn\/wp-content\/uploads\/2025\/02\/0003932_v-151-baby-automatic-hair-suction-hair-clipper_800-100x100.jpeg",100,100,true]},"uagb_author_info":{"display_name":"admin5942","author_link":"https:\/\/www.tondeusetunisie.tn\/index.php\/author\/"},"uagb_comment_info":0,"uagb_excerpt":"Facile \u00e0 utiliser : le voyant lumineux indique l'\u00e9tat de la batterie et de la charge. Tr\u00e8s pratique avec un interrupteur marche\/arr\u00eat en un seul geste Interrupteur marche\/arr\u00eat : facile \u00e0 utiliser, pratique et fonctionnel Lames en c\u00e9ramique : Lames tr\u00e8s s\u00fbres et confortables pour les b\u00e9b\u00e9s, adapt\u00e9es \u00e0 tous les groupes d'\u00e2ge d'enfants Technologie&hellip;","jetpack_sharing_enabled":true,"jetpack_likes_enabled":true,"_links":{"self":[{"href":"https:\/\/www.tondeusetunisie.tn\/index.php\/wp-json\/wp\/v2\/product\/5575","targetHints":{"allow":["GET"]}}],"collection":[{"href":"https:\/\/www.tondeusetunisie.tn\/index.php\/wp-json\/wp\/v2\/product"}],"about":[{"href":"https:\/\/www.tondeusetunisie.tn\/index.php\/wp-json\/wp\/v2\/types\/product"}],"replies":[{"embeddable":true,"href":"https:\/\/www.tondeusetunisie.tn\/index.php\/wp-json\/wp\/v2\/comments?post=5575"}],"wp:featuredmedia":[{"embeddable":true,"href":"https:\/\/www.tondeusetunisie.tn\/index.php\/wp-json\/wp\/v2\/media\/5573"}],"wp:attachment":[{"href":"https:\/\/www.tondeusetunisie.tn\/index.php\/wp-json\/wp\/v2\/media?parent=5575"}],"wp:term":[{"taxonomy":"product_brand","embeddable":true,"href":"https:\/\/www.tondeusetunisie.tn\/index.php\/wp-json\/wp\/v2\/product_brand?post=5575"},{"taxonomy":"product_cat","embeddable":true,"href":"https:\/\/www.tondeusetunisie.tn\/index.php\/wp-json\/wp\/v2\/product_cat?post=5575"},{"taxonomy":"product_tag","embeddable":true,"href":"https:\/\/www.tondeusetunisie.tn\/index.php\/wp-json\/wp\/v2\/product_tag?post=5575"}],"curies":[{"name":"wp","href":"https:\/\/api.w.org\/{rel}","templated":true}]}}